d by f?
47
Let x be 3/(-2)*(-14 - -12) - 3. Suppose -2*b + 3*m + 117 = 4*m, x = b - 3*m - 76. What is the remainder when 240 is divided by b?
57
Let f(j) = -j**3 + 3*j**2 + 2*j - 11. Let b = 282 + -286. Calculate the remainder when f(b) is divided by 2 + (-2 + 1 - -31).
29
Suppose -3*q - 511 = -5*i, -q + 4*i - 181 = 5*i. Let l = q - -220. Calculate the remainder when l is divided by 11.
10
What is the remainder when 12/(-144)*-879 - 3/12 is divided by 13?
8
Calculate the remainder when (1/2)/(3/(-24))*(7 - 1346) is divided by 94.
92
Suppose 0*z - 10*z + 2*z + 88 = 0. What is the remainder when 784 is divided by z?
3
Suppose 7 = -h + 85. Let g(v) = -22*v + 85. What is the remainder when g(-10) is divided by h?
71
Suppose 3*q = -o + 3, -12 = -21*o + 17*o. Suppose q = -926*l + 930*l - 44. What is the remainder when 83 is divided by l?
6
Suppose 3*i - 3*h - 3 = 0, -i - 3*h - 2*h = 5. Suppose 5*t - 581 = s, i*s = -t - s + 115. Calculate the remainder when t is divided by 30.
26
Suppose 0 = 158*m - 302*m + 149*m - 25. Calculate the remainder when 294 is divided by m.
4
Let j(v) = -5 + 3*v**3 - 3*v + 14 - 6*v**2 + 3 + 6. What is the remainder when j(3) is divided by 11?
3
Let o = -207 - -218. Suppose -2*q + 48 = -l - 4*q, 4*l + 2*q + 180 = 0. Let m = -26 - l. What is the remainder when m is divided by o?
7
Let j(b) = 10*b - 4. Let o be j(5). Suppose 8*x - 9*x = 2*u - 15, 35 = 5*u + 2*x. Let g = o + u. What is the remainder when g is divided by 13?
12
Let n(t) = -2*t**2 - t + 1 + 0*t + 6*t**2. Suppose -5*z = -3*m - 187, m + 40 = 36. Calculate the remainder when n(6) is divided by z.
34
Let b(i) = i**2 + 14*i + 53. Let y be b(-10). Let a(f) = -f**3 + 14*f**2 - 6*f - 14. Calculate the remainder when a(y) is divided by 9.
5
Let b = 495 - 484. Let m(s) = -s**2 + 5*s + 109. What is the remainder when 127 is divided by m(b)?
41
Suppose 2*a + 0*a = -50. Suppose 0 = -u - 6*u - 231. Let t = a - u. What is the remainder when 13 is divided by t?
5
Let x = 201 + -339. Let j = -109 - x. What is the remainder when j is divided by 6?
5
Let t = 38 - 31. Calculate the remainder when (2 - (20/(-4) - 2))*1 is divided by t.
2
Let c(w) be the first derivative of w**3/3 - 15*w**2/2 - 18*w - 13. Let u be c(16). Calculate the remainder when (-2)/(u/87)*(-11)/(-33) is divided by 11.
7
What is the remainder when (530/(-6))/((-35)/336) is divided by 280?
8
Suppose 0 = 3*c - 5*k + 1, 2*c + k + 1 = 3*c. Calculate the remainder when (c/6)/((2 + -4)/(-120)) is divided by 11.
8
Suppose 0 = 5*i - 5*v - 95, 0 = i + 14*v - 10*v + 6. Suppose 7 = i*p - 119. What is the remainder when 30 is divided by p?
3
Suppose 5*d = 4*j - 755, j + 5*d - 41 - 179 = 0. What is the remainder when j is divided by 42?
27
Suppose 4*w = 3*b - 1363, 2229 = 5*b + 177*w - 173*w. Calculate the remainder when b is divided by 35.
29
Let o(p) = -21*p**2 + 13*p - 26*p - 12 - 14 - 2*p**3 + 5. What is the remainder when o(-11) is divided by 61?
60
Let g(h) = 43*h - 1786. Calculate the remainder when 277 is divided by g(42).
17
Let f = -334 + 340. Suppose 3*i - 79 = -h - f, 0 = -4*i - 3*h + 104. Let y = 10 - 6. Calculate the remainder when i is divided by y.
3
Let w = 459 + -359. What is the remainder when 336 is divided by w?
36
Let g = 529 - 329. Suppose -g = -4*a + 3*t, 111 = 5*a - t - 128. What is the remainder when 185 is divided by a?
44
Calculate the remainder when 955 is divided by (-11568)/(-72)*(6/11)/(112/308).
232
Suppose 4*p - 4*t = 44, -5*p + 43 = -3*t + 2*t. Suppose -3*b - p + 41 = -3*m, -m = -1. What is the remainder when 28 is divided by b?
4
Let h(t) = -9*t - 1. Suppose 4 + 8 = -4*j. Suppose 3*g - 70 = -2*g. What is the remainder when h(j) is divided by g?
12
Let h(p) = 592*p + 924. What is the remainder when h(-1) is divided by 31?
22
Let i(v) = -450*v - 551. What is the remainder when i(-2) is divided by 118?
113
Let r = -43 + 67. Suppose 0 = v + 7 - r. What is the remainder when 80 is divided by v?
12
Suppose -6*l = -514 - 62. Let p(t) = 3*t**3 - 28*t**2 + 14*t - 31. Calculate the remainder when l is divided by p(9).
12
Let n(l) = -1965*l + 2024. Calculate the remainder when 91 is divided by n(1).
32
Suppose -263948 = -279*u - 158*u. Calculate the remainder when u is divided by 43.
2
Suppose 2*k + 5 - 17 = -p, -3*k = p - 12. Let s(l) = -3*l**2 + 39*l - 14. Calculate the remainder when s(p) is divided by 4.
2
Let f(m) = -m**2 - 18*m - 2. Let q be f(-13). Let r be (-3)/(-7) + (-531)/q. Calculate the remainder when 106*9/24 - 2/r is divided by 16.
8
Let f(u) = -2*u**3 - 6*u**2 - 8*u + 1. Let o be f(-2). Suppose 57 = i + o. Calculate the remainder when i is divided by 3/(-6)*(-35 - 1).
12
Let j be 2*(-4 - (-6)/4). What is the remainder when j*9/30*-16 is divided by 1/((-1)/(-13)) + 0?
11
What is the remainder when 5709 is divided by (3 - 6)*(-15 - -7*10/(-35))?
48
Let l(t) = -159*t**2 + 7*t + 6 - 3 + 149*t**2. Let y be l(-3). What is the remainder when 1/(106/y + 1) is divided by 19?
16
Calculate the remainder when (19 + -45)*(-42)/12 is divided by 25.
16
Let q = 65 - 61. Suppose -q*w + 4*i = -20, 18 = 4*w + i + 3. Suppose -w*f + 19 = -13. What is the remainder when 30 is divided by f?
6
Suppose -78*g + 77*g + 448 = 10*m, -g - 168 = -4*m. Let u(z) = 3*z**2 + 4*z. What is the remainder when m is divided by u(-3)?
14
Let f = -1469 + 737. Let v be f/(-9) + 12/(-9). Let t = -46 + v. Calculate the remainder when t is divided by 6.
4
What is the remainder when 375 is divided by 8/6 + 26132/282?
93
Let i = 162 + -112. Suppose -5*u + i = 2*n - 237, 2*u + 2*n = 116. What is the remainder when u is divided by 15?
12
Suppose 5*o - 6 - 19 = 0. Let b = o + 2. Let m(v) = 2*v**3 - 13*v**2 + 61*v - 301. What is the remainder when m(6) is divided by b?
1
Let p be 12/8*(-8)/(-6). Suppose 0 = -4*i + p*i + 488. What is the remainder when i is divided by 19?
16
Let f(c) = -c**3 + 2*c**2 + 31*c - 72. Calculate the remainder when 993 is divided by f(3).
9
Suppose 94*o - 74*o - 900 = 0. Suppose 0 = -0*n - 4*n + 336. Calculate the remainder when n is divided by o.
39
Calculate the remainder when 95 is divided by (-2 - (-7 + 4 + -43)) + -6.
19
Let m(f) = -f + 19*f**2 - 7*f**2 - 4*f**2 + 32 - 9*f**2 - 9*f. Calculate the remainder when 28 is divided by m(-12).
4
What is the remainder when -388*((-7 - 93/(-12)) + 60/(-16)) is divided by 200?
164
Let b = 61 - 56. Let f be (b + -3)*(0 + 6). What is the remainder when 22 is divided by f/42 - ((-108)/14 + 1)?
1
Let b be 30/(-18)*27/(-15). Suppose -5*u - 15 = -5*x, 21 = 2*x - 2*u + b*u. Calculate the remainder when 3/(-15) + 612/10 is divided by x.
5
Suppose 79 + 33 = 4*y. Let l be (72/y)/(4/28). Calculate the remainder when (l/(-8))/((-6)/32) is divided by 4.
0
Let d = -17 - -29. Let n be (-20)/14*(-9 + -5). Let b = n - -10. What is the remainder when b is divided by d?
6
Let a(i) = -i**2 + 3*i + 21. Let v be a(6). Suppose 4*y - 63 = v*d + 81, y - 36 = -d. Calculate the remainder when y is divided by 21.
15
Suppose 7*a = -6*a + 4444 + 10090. What is the remainder when a is divided by 270?
38
Suppose -g = -4*f + 104, 3*g + 33 = 2*f - 9. What is the remainder when 361 is divided by f?
10
Suppose -5*h + 5 = 4*a - 38, 3*a = 3*h + 12. Suppose -k - 5*b + 126 = 0, -9*b - 8 = -a*b. Calculate the remainder when k is divided by 54.
38
Let q(i) = 79*i + 1133. What is the remainder when q(-11) is divided by 137?
127
Let w(q) = 3*q**3 - 4*q**2 + q + 1. What is the remainder when w(4) is divided by (1 + 8)/(0 - (-17)/51)?
25
Let s(f) = -f**3 + 26*f**2 - 26*f + 13. Let c be s(25). Calculate the remainder when (-25)/(2*3/c) is divided by 52/(-6)*66/(-44).
11
Let f = -13 + 17. Suppose 0*h = 7*h - 98. Calculate the remainder when f + (5 - 13) + 52 is divided by h.
6
Suppose 0*y + 2*y = 166. Suppose -26*v + 5*v = -5355. Let r = -227 + v. Calculate the remainder when y is divided by r.
27
Suppose 0 = -47*t + 441 + 405. Let c(f) = 10*f - 4. Let q be c(5). Suppose -t*x = -16*x - q. What is the remainder when 87 is divided by x?
18
Let u = -11096 - -11305. What is the remainder when u is divided by 56?
41
Let l(u) = 261*u - 1. Let f be l(1). Suppose -7*n + 2*n + f = 0. Let c(m) = m**2 + 12*m - 89. What is the remainder when n is divided by c(-18)?
14
Let v = -1217 + 3092. Suppose 488 = -19*d + v. What 